 + 7 - (3 - 9))
-15
21 + 31 - 31 - 4
17
What is the value of 38 + 5 + -32 - (24 - -1)?
-14
(9 - (5 - -2) - 13) + 8
-3
32 - (-8 - (-2 - -4) - (706 + -720))
28
(-13 - (-4 - -8)) + (8 - (10 + 0))
-19
(-2 - -1) + (7 - (-7 - -2))
11
Evaluate 9 - (-2 + 0) - (-268 + 263).
16
What is the value of -4 - (-41 + (1 - -21))?
15
What is 9 - (1 - 7 - (-23 + 13))?
5
Calculate 14 + (15 - 18) + -23.
-12
Evaluate 54 + -77 - (-10 - (-10 - -3)).
-20
What is -8 - (-9 - (-8 + (11 - 6)))?
-2
Calculate -2 - (-2 - -10) - (-69 + 44 - 11).
26
Evaluate -15 + 4 + 46 + -22 + 18.
31
What is the value of -2 + (-8 - -36 - -2)?
28
Evaluate (532 - 521) + (0 - 1) + -4.
6
What is the value of -5 + 2 + (-2 - 7) + 14 + 0?
2
8 + -27 + 2 - (-1 + -4)
-12
2 - 1 - 2 - -12
11
Calculate -9 + (1 - 14 - -4) - -45.
27
Calculate (-1 - 5) + (3 - 6) + 3 + 2.
-4
Calculate 16 + 14 + -19 + -8 + 1.
4
(9 + 4 - 3) + (87 - 84)
13
Evaluate -3 + 329 + -338 + 1 + 0 + -7.
-18
What is the value of (-1 - (-2 - 9)) + -53 + 7 + 5?
-31
What is the value of (3 - 14 - -9) + -5?
-7
Calculate -55 + 51 - (-2 - 12).
10
What is the value of 2 + -1 - (-8 + 5 + -2 + -1)?
7
What is -7 + -28 - (94 + -105)?
-24
Calculate (1 - (4 - -4 - 5)) + -4 + 5.
-1
Calculate 11 - 32 - (-77 + 35).
21
Calculate 30 - ((29 - 6) + 5).
2
What is the value of 7 - ((-2 - -2) + -14 + -10) - 8?
23
Calculate 4 - 4 - (-6 - 0) - -2.
8
Calculate -1 + (1 - -12 - (3 + 0)).
9
Calculate 22 + -41 + 2 + 22.
5
What is the value of 17 + (-7 - (19 - 5))?
-4
What is the value of 9 + 0 - (-63 + 63)?
9
What is 7 - (-15 + 26 - 17)?
13
What is the value of -9 + (-39 - -10) + -11 + 4 + 10?
-35
What is the value of (-13 - -17 - 30) + 8?
-18
What is the value of (-9 - (5 + -10)) + -19 - -16?
-7
(-8 + 4 + 11 - 9) + 4
2
What is -5 + 1 + (-7 - -38) - 6?
21
What is 6 + -7 + 11 + -7 - -13?
16
Evaluate 1 + -12 + (38 - 40) - (10 + -8).
-15
Evaluate -1 + (22 - (8 - -4)) - 1.
8
Evaluate 4 + 1 + (-4 - -2) - (35 + -43).
11
Calculate -29 + (13 + 20 - 16).
-12
15 + 1 - (4 + -8 + 8)
12
What is -5 - (0 - (-4 + 8) - (5 - 11))?
-7
-6 - (-12 - (-14 - 6))
-14
Calculate (2 - -4 - 0) + (2 + -9 - 5).
-6
Calculate 74 + -74 - (0 - -1) - -6.
5
Calculate -14 + (-5 - (9 - (8 + -4))).
-24
Calculate 11 + (4 - (7 + (-4 - 3))).
15
Calculate (-5 - (6 + (-1 - 7))) + (-1 - 8).
-12
What is the value of (3 - -1) + (186 - 196) - 7?
-13
-5 + -6 + 9 + -1 + 2 + -12
-13
Evaluate -13 + (-15 - -36 - 4) - -2.
6
What is the value of -5 - (-6 - (0 + (-4 - 3)))?
-6
Calculate 9 + -1 + 85 + -96 - (-13 - -1).
9
Evaluate 0 + -10 + (635 - 631).
-6
(-12 - -19) + -19 - (1 - -3)
-16
Calculate 4 - (-16 - 0 - (106 - 103)).
23
(9 - 5) + -9 - -9 - (1 + 0)
3
What is (20 - -6) + -28 - (4 + -1)?
-5
Evaluate (1 - 0) + (-6 - 16) + 30.
9
Calculate -49 + 50 - (-3 + -1 + (2 - -3)).
0
What is the value of (3 - (-18 + 10)) + -2 + -10?
-1
Calculate 16 + -6 + -3 - 0 - 33.
-26
What is -10 + -1 + -11 + 9 + 12 - 7?
-8
What is -5 + (6 + 7 - 10) + -14?
-16
What is the value of 0 + 7 + -45 + (3 - -43) + -9?
-1
What is -5 - 2 - (-2 - (4 + 0) - 6)?
5
What is (-11 - -32) + (-14 - 0)?
7
What is the value of 66 - (4 - (-35 + -6))?
21
(1 - 7) + (18 + -10 - 3 - -6)
5
Calculate 3 - (8 + -10 - -9 - 5).
1
Evaluate 5 - (-6 + 16 + (3 - 5)) - -16.
13
-11 + 8 - -7 - 7
-3
Evaluate 16 + 13 + (17 - (18 + -5)).
33
-1 - 0 - (-511 + 522)
-12
Evaluate (4 - -2) + -27 + 33.
12
Evaluate (52 + -40 - 16) + -23.
-27
Calculate 780 + -774 - ((-2 - 1) + -2).
11
Calculate -15 - (-29 - -18 - 3).
-1
-1 + 0 + 11 + -5 + -15
-10
(-12 - (2 - -3 - 35)) + -6
12
Evaluate -1 - -7 - (17 - (-2 + 9)).
-4
27 + -14 + -3 + 4
14
What is the value of (159 - 128) + (3 - -1) + (3 - 12)?
26
6 + -8 + -10 + (-3 - -18) + 34
37
What is the value of 3 + -3 + 6 - (5 + -12) - 5?
8
What is 21 + (-16 - (5 + -15))?
15
What is 16 + (-8 - 2 - 10)?
-4
What is the value of -16 - ((44 - 41) + (-12 - -2))?
-9
Evaluate 6 + (-10 - 12 - -13).
-3
Calculate -1 - ((34 - 15) + -33).
13
Calculate -21 + (-26 - -49) - 24.
-22
1 - (0 + 6 - (1 + 17))
13
What is the value of -4 + 10 + 9 - (5 + 2 + -4)?
12
19 - ((-22 - -5) + 35)
1
Calculate 11 - (11 + 2) - (-6 - (-3 - 6)).
-5
Calculate 8 - (2 + (-7 - (2 + -12))).
3
Calculate -394 + 392 - ((-3 + 1 - -1) + -1).
0
What is 12 + (-19 - (7 - 12))?
-2
What is (55 - 88) + (10 - 7) + -6?
-36
Evaluate -13 + 18 + 23 + -28.
0
What is the value of (1 - 28) + 12 + 12 + 0?
-3
-9 + 17 - (10 + -1) - -25 - 1
23
Evaluate 40 - ((23 - 2) + -23 + 15).
27
6 + (-6 - -1) - (-17 + 10 - -25)
-17
Evaluate 4 - (-12 + 9) - 17 - (-2 + 3).
-11
Evaluate 5 - -14 - (-59 + 75) - (1 + -7).
9
(-13 - (14 + -21)) + 5
-1
What is 28 + -5 + -42 - -54?
35
Calculate -2 - ((4 - (-15 - -10)) + -19 - -10).
-2
What is the value of (29 - 8) + (-26 - -8)?
3
What is the value of 7 - 2 - (8 - (-1 - -15))?
11
Calculate (2 + (-7 - -5 - 9) - -2) + 3.
-4
What is the value of 2 - (-1 + -1 + (-5 - 1) + 0)?
10
Evaluate 2 - (-2 - -3) - ((32 - 61) + 11).
19
10 - ((-4 - 6) + -3 + 36)
-13
Calculate (-18 - -20) + -20 - -20.
2
What is (1 - 2) + 15 - (-306 - -346)?
-26
Calculate (7 - (-12 + 28 + -12)) + -3.
0
What is the value of (28 + -9 + -4 - 8 - 12) + 5?
0
What is (-5 + (5 - 8) - -15) + -16 - -46?
37
1 + 9 + (8 + -3 - 9) + 1
7
What is 18 + -22 + -5 + 9?
0
5 - (9 + -2 - (14 - (-6 - -12)))
6
What is 19 + (-6 - -7 - (1 - -1)) - 1?
17
What is the value of (10 + (7 - 19) - (-9 - -5)) + 29?
31
Calculate (-30 - (-15 + 9)) + 39.
15
(-1 - -3) + -3 - 7
-8
What is -19 + 27 + (-4 - (-5 - -10))?
-1
3 + (19 - (18 - -18))
-14
-3 + -15 + (14 - 10) + -2
-16
Evaluate 5 - (-4 - ((-13 - -5) + 7 + 0)).
8
Evaluate 4 + (6 + -20 - -8) + 6.
4
What is the value of 2 + -7 - (3 + (-8 - (-23 + 6)))?
-17
Calculate (1 - (-26 - -48)) + 26.
5
12 + (-13 - 1 - 11) - -14
1
What is (19 - (-4 + 16 + -8)) + (-2 - 5)?
8
What is (24 - 19) + (9 - (-4 + 1 + 5))?
12
What is the value of -12 + 2 + -7 + -6 + 8?
-15
-18 - (-37 + 15) - 6
-2
Evaluate (-54 + 24 - -30) + (1 - 8) + -1.
-8
What is (-42 - (5 - 22)) + 11?
-14
Calculate 22 - (-6 - 7 - (-6 + 10 + -7)).
32
Calculate -7 + 0 + -8 - -20.
5
What is the value of 8 - 8 - ((2 - 1) + 9 + 1)?
-11
What is the value of -53 + 59 - (38 + 9 + -6 - 7)?
-28
-6 + 1 + 0 + (1 - (-2 + 2))
-4
What is the value of -4 + 21 - (-26 - -10 - -21) - 33?
-21
What is 4 - (-16 + 2 + 27 + -44)?
35
Calculate 9 + (15 - -9) + -55.
-22
(9 - 13) + (-1 - -21 - 4)
12
Calculate -10 + 5 - -13 - (11 - -3 - -10).
-16
Calculate (-13 - (-57 - -52)) + (-4 - -1).
-11
What is 30 + -28 - (13 + 3)?
-14
What is the value of 1 + 0 - 8 - (-2 + 9 + -13)?
-1
Calculate 46 + -10 + -23 - (3 + 0).
10
What is -15 - -7 - -24 - 3?
13
Calculate 2 + 0 + 249 + -268 - (-2 - -6).
-21
Evaluate (-2 - -8) + (-5 - (-6 + (-1 - -1))).
7
Evaluate 6 + (-30 + 19 - (6 + 2)) - 3.
-16
What is (2 - 0) + 1 + -6 + (82 - 80)?
-1
What is -5 + (16 - (12 - -5))?
-6
What is the value of (14 - -3) + 11 - 18?
10
Calculate -17 - (-14 + -3 - -1).
-1
(-9 - -42) + -8 + -21
4
What is the value of 2 + (-1 - (-6 - ((1 - -5) + -1)))?
12
What is 3 + -3 - -28 - 34?
-6
-13 - ((0 - (17 + -12)) + -6)
-2
What is -2 + -3 - (-15 - (4 + -8))?
6
What is (1 + -1 - -8) + (36 - 36 - 30)?
-22
What is the value of 1 + -12 + 42 + (-17 - 1)?
13
What is the value of 17 + (8 - -16) + -19?
22
Evaluate 3 + -6 - (1 + (4 - 2 - 4)).
-2
3 + 1 - (293 - 287)
-2
10 - (2 + (3 - 1 - (-26 - -28)))
8
What is the value of 1126 + -1095 - (1 - -26)?
4
Calculate 21 - (-8 + 3 + 12).
14
-11 - (-10 + 9 - 14)
4
Calculate ((-2 - -3) + -1 - 2 - -4) + 7.
9
Calculate 6 + (1 - (4 + -8 - 1)).
12
Evaluate (3 - -12 - 12) + (0 - 2) - -22.
23
Evaluate 0 - -6 - 3 - (9 - -11 - 6).
-11
Calculate (-415 - -461) + (-60 - -6).
-8
What is 14 + (10 - (59 - 9 - 8))?
-18
Calculate 12 - (-6 - -10 - (-3 + 0)).
5
(-5 - 2) + (-11 - (-18 + -5)) - -27
32
Calculate 14 + (-4 + 1 + -7 + 0 - -6).
10
(-219 - -230) + (-9 + -2 - 4)
-4
Calculate -18 - (-9 - ((-11 - 4) + 8)).
-16
What is -3 + 2 + -2 + -2 + 1 + 2?
-2
What is (-3 + 16 - 16 - -7) + (-1 - 4)?
-1
Evaluate -16 - (-6 + 23 - 30) - (-5 - 0).
2
What is the value of (13 + (-5 - -1) - 26) + 5?
-12
Calculate 7 - (1 + (-6 - -11) - -7).
-6
(-20 - (10 - 10)) + 8 + -12
-24
Evaluate -18 + (-12 - -65) - 23.
12
Calculate (-7 - -1) + -14 + (23 - 6).
-3
What is (-68 - -69) + (-1 - 14)?
-14
What is 24 + -49 + 1 + -4 + -6?
-34
What is (-8 + 3 - 